te the highest common divisor of 56059 and 159210.
61
Calculate the greatest common divisor of 5751 and 186943.
71
Calculate the greatest common divisor of 83244 and 934794.
42
What is the highest common factor of 5890470 and 35670?
1230
Calculate the highest common factor of 4 and 181532202.
2
Calculate the greatest common factor of 10 and 836545.
5
Calculate the greatest common factor of 18 and 526856.
2
What is the highest common factor of 4836 and 69347?
31
What is the highest common factor of 64371601 and 78736?
4921
What is the greatest common factor of 134974160 and 400?
80
Calculate the highest common factor of 5010852 and 1364.
44
Calculate the greatest common divisor of 444 and 689532.
444
Calculate the greatest common factor of 5 and 22272615.
5
What is the greatest common divisor of 171899 and 378?
7
Calculate the highest common factor of 7728 and 610021272.
3864
What is the greatest common divisor of 2177664 and 1431?
159
Calculate the highest common factor of 21159 and 17.
1
What is the greatest common divisor of 9160 and 647612?
916
Calculate the highest common factor of 237726 and 364626.
846
What is the highest common divisor of 1092 and 12026742?
546
What is the highest common divisor of 64993630 and 4370?
230
What is the greatest common factor of 7719469 and 362?
181
What is the highest common factor of 36 and 2446976?
4
What is the greatest common divisor of 7700670 and 17010?
2430
What is the greatest common divisor of 25 and 551843?
1
What is the greatest common divisor of 453773 and 4775611?
1999
What is the highest common divisor of 93 and 157983?
3
Calculate the greatest common factor of 133368 and 624.
24
What is the greatest common divisor of 276 and 335930502?
138
Calculate the highest common divisor of 50 and 261200990.
10
What is the greatest common divisor of 121142 and 200124?
34
What is the highest common factor of 1094584 and 4?
4
Calculate the highest common factor of 5184651 and 83295.
1851
What is the greatest common factor of 1094 and 5398?
2
What is the greatest common factor of 1020 and 21178872?
204
What is the greatest common divisor of 7695 and 29871180?
405
What is the greatest common divisor of 3940 and 544860?
20
Calculate the greatest common factor of 247 and 1736683.
13
What is the highest common divisor of 31027 and 335685?
23
Calculate the greatest common factor of 132 and 6375116.
44
Calculate the greatest common factor of 29534918 and 7.
7
What is the highest common divisor of 96176 and 10480?
16
Calculate the highest common divisor of 1828968 and 168.
24
Calculate the greatest common factor of 309885 and 1766769.
849
Calculate the highest common divisor of 1345747834 and 4546.
4546
What is the greatest common factor of 315 and 8285340?
105
Calculate the highest common factor of 12892698 and 4284.
2142
Calculate the greatest common factor of 180 and 146555595.
45
Calculate the greatest common divisor of 12 and 557394.
6
What is the greatest common factor of 140274234 and 57144?
14286
Calculate the highest common factor of 1120144870 and 20.
10
What is the highest common factor of 1914480 and 5985?
45
Calculate the greatest common factor of 136295775 and 3150.
1575
What is the greatest common factor of 1781866968 and 476?
476
What is the greatest common divisor of 1276740 and 84?
12
Calculate the greatest common factor of 9594 and 183434.
82
What is the highest common divisor of 57317 and 7475?
13
Calculate the highest common divisor of 1472 and 1298672.
368
What is the highest common divisor of 3272930 and 19180?
1370
What is the greatest common factor of 11979 and 4620066?
33
What is the highest common factor of 2032 and 116061236?
508
Calculate the greatest common divisor of 34 and 11885261.
17
Calculate the greatest common factor of 10216605 and 2121.
21
Calculate the greatest common divisor of 51990116 and 75592.
3436
What is the greatest common factor of 4094 and 2249386?
178
Calculate the greatest common divisor of 792 and 5049144.
72
Calculate the highest common divisor of 18 and 295749477.
9
Calculate the greatest common divisor of 58 and 11649793.
29
Calculate the highest common divisor of 748 and 318824.
44
Calculate the greatest common divisor of 22944671 and 387.
43
Calculate the highest common factor of 20835970 and 15.
5
Calculate the highest common factor of 192 and 125472.
96
What is the greatest common divisor of 27278659 and 799?
799
Calculate the greatest common divisor of 374660202 and 114.
114
What is the greatest common divisor of 680 and 48901560?
40
Calculate the greatest common factor of 435 and 4908801.
87
What is the greatest common divisor of 5401 and 1131264?
491
What is the highest common factor of 6570702 and 90?
18
Calculate the highest common divisor of 2 and 3889762.
2
What is the greatest common factor of 17113 and 103223?
109
Calculate the greatest common divisor of 22429002 and 966.
138
Calculate the highest common factor of 12 and 14049234.
6
What is the greatest common divisor of 187441044 and 6990?
1398
Calculate the highest common divisor of 500460467 and 21203.
3029
Calculate the highest common divisor of 790 and 274206709.
79
Calculate the greatest common factor of 9911252 and 2392.
1196
What is the greatest common factor of 641 and 531496047?
641
What is the greatest common factor of 97242812 and 470?
94
Calculate the greatest common divisor of 9353406 and 8.
2
What is the highest common factor of 481 and 54330837?
37
Calculate the highest common factor of 2970 and 60776298.
594
What is the highest common divisor of 294 and 25127438?
14
What is the greatest common divisor of 179 and 171793281?
179
What is the greatest common factor of 2079157626 and 4914?
4914
What is the highest common factor of 429805 and 1085400?
335
Calculate the greatest common factor of 1303014351 and 1829.
1829
Calculate the greatest common divisor of 833644872 and 1296.
648
Calculate the greatest common divisor of 29108 and 10222.
38
Calculate the highest common divisor of 67275 and 5775.
75
Calculate the greatest common factor of 79666 and 137006.
122
Calculate the highest common divisor of 261665802 and 10404.
5202
Calculate the highest common divisor of 198 and 188688786.
66
Calculate the highest common divisor of 34903 and 226948825.
3173
Calculate the highest common factor of 598472 and 3136.
56
Calculate the highest common factor of 44765642 and 426.
142
Calculate the greatest common factor of 4610287 and 88.
11
What is the greatest common factor of 334 and 928115359?
167
What is the greatest common factor of 16390891 and 121?
11
Calculate the highest common divisor of 2172 and 175027.
181
Calculate the greatest common factor of 5230 and 22730.
10
Calculate the highest common divisor of 1668 and 1598492355.
417
What is the highest common divisor of 86 and 1715135926?
86
Calculate the highest common factor of 92440 and 4910.
10
Calculate the greatest common divisor of 542 and 879470338.
542
Calculate the highest common factor of 8219656 and 118856.
664
Calculate the highest common factor of 433821 and 451779.
123
What is the greatest common factor of 21643050 and 1122?
66
Calculate the highest common divisor of 9622 and 2659634.
566
What is the greatest common factor of 2820 and 496363005?
705
Calculate the greatest common divisor of 665792 and 11712.
64
Calculate the greatest common factor of 23729596 and 44.
44
What is the greatest common divisor of 1166172 and 252?
84
What is the highest common divisor of 23424 and 1391471?
61
What is the highest common factor of 330 and 249127780?
110
Calculate the highest common factor of 19992 and 1528368.
408
Calculate the highest common divisor of 20775204 and 148.
148
Calculate the greatest common factor of 148963 and 277.
1
What is the greatest common divisor of 1499763 and 22494?
489
What is the greatest common divisor of 17165 and 40?
5
Calculate the greatest common divisor of 7811034 and 683529.
2541
What is the greatest common factor of 588853 and 7067?
191
What is the highest common factor of 5889177 and 3402?
63
What is the highest common factor of 29210396 and 4?
4
What is the greatest common divisor of 19960735 and 190?
95
Calculate the highest common divisor of 145359 and 13113.
279
Calculate the highest common f